 6*k + 23. What are the prime factors of v(7)?
3, 5, 17
Suppose 4*b + 274 = 2*d, -2*d - 2*b = -5*d + 419. List the prime factors of d.
3, 47
Suppose -3*c + 2*x + x + 9 = 0, -c = -2*x - 6. Let f be (-15)/(-9)*12/10. Suppose 0 = -4*o + f*v + 142, 4*v + 119 = 3*o - c*v. List the prime factors of o.
3, 11
Let h = -155 + 1912. List the prime factors of h.
7, 251
Suppose -b - 2*w = 33, w - 8 = 3*b + 63. Let a = 59 + b. List the prime factors of a.
2, 17
Suppose -3*m + 31 - 13 = 0. Suppose -10*v = -m*v. Suppose q + v = 4. What are the prime factors of q?
2
Suppose -2*f - 8 = 2*h - 164, -5*h = 0. Suppose -7*v - i = -3*v - 282, 4*i = -v + f. What are the prime factors of v?
2, 5, 7
Let f(n) = -5*n**2 - 4. Let u(p) = 2*p + 3*p - 5*p - 4*p**2 - 4. Let l(q) = -5*f(q) + 6*u(q). List the prime factors of l(5).
3, 7
Let x(u) = -3*u - 6. Let c be x(-5). Let o(g) = -g**2 + 10*g + 2. Let h be o(c). Suppose -13*d + 14*d = h. List the prime factors of d.
11
Let i(w) = w**3 + 12*w**2 + 4. Let x be i(-12). Suppose x*u + j = -0*j + 147, 0 = -4*u + 2*j + 138. Suppose a - u - 11 = 0. List the prime factors of a.
47
Suppose -m - 16*m + 221 = 0. Suppose -130 = -m*c + 3*c. What are the prime factors of c?
13
Let o(b) = -b**2 - 7*b + 1. Suppose -2*j + 5 = -3*j. Let h be o(j). Suppose -3*t + 83 = h. What are the prime factors of t?
2, 3
Let r = -761 + 3051. What are the prime factors of r?
2, 5, 229
Suppose 0 = -17*o + 4*o + 533. What are the prime factors of o?
41
Let a(l) = l**3 + 4 - l**2 + 0 - 4*l**2. Let x = 269 - 264. What are the prime factors of a(x)?
2
Let b = 1483 + -932. What are the prime factors of b?
19, 29
Suppose 263*g - 318 = -4*v + 260*g, 4*v - 314 = -g. What are the prime factors of v?
2, 3, 13
Let i(l) = -28*l - 6. Let j be 0 + 99/(-12) + (-12)/16. List the prime factors of i(j).
2, 3, 41
Let w = -980 + 1934. List the prime factors of w.
2, 3, 53
Suppose -3*j - 3*w = -9, j + 3*w = -2*w - 1. Suppose 3*i - 265 = -j*o, -1 - 3 = 4*i. What are the prime factors of o?
67
Let g(d) = -d**2 - 8*d + 6. Let l be g(-9). Let j be l/(-1*3/126). Suppose -2*a + m + 48 = 0, 5*a + 32 = -4*m + j. What are the prime factors of a?
2, 11
Let x(v) = -15*v + 3. Suppose g + 2*g + 3 = 2*m, m - 4 = 4*g. Suppose -3*w - 13 + 4 = m. List the prime factors of x(w).
2, 3
Let b(o) = 9*o**2 - 4*o + 27. What are the prime factors of b(7)?
2, 5, 11
Let q(w) = -22*w + 19*w - 3 + 2*w**3 - 4*w**3. Suppose k + 4 + 0 = -p, 2 = 4*p - 5*k. What are the prime factors of q(p)?
19
Suppose -9*z + 13*z = 32. Suppose z*n - 13 - 1035 = 0. Suppose n = 3*a - 10. What are the prime factors of a?
47
Let d = 10 + -12. Let m = d + 4. Let n = 9 - m. List the prime factors of n.
7
Suppose -6*z + 4*r + 100 = -2*z, 2*z - 29 = -5*r. Suppose -z = -4*o + 18. What are the prime factors of o/((2 + -3)/(-2))?
2, 5
What are the prime factors of (6 - -1) + (2/1 - -1582)?
37, 43
Let o(z) be the second derivative of -z**5/20 + 5*z**4/4 + 5*z**3/3 - 2*z**2 - 15*z. What are the prime factors of o(15)?
2, 73
Let v(y) = 2 - 126*y**2 + 121*y**2 - 3 + 17*y**3 + 4*y + 2*y. List the prime factors of v(2).
127
Let c(r) = -r**3 + 4*r**2 + 4*r - 1. Let d be c(5). Let q(b) = 4*b - 12*b - 2*b**2 + b**2 - 3*b + 3. What are the prime factors of q(d)?
3, 11
Let r(s) = s**3 - 19*s**2 + 2*s + 15. Let x be r(19). Suppose 0 = q - 63 - x. List the prime factors of q.
2, 29
Suppose -43 = -2*x + 1. Let n = x - -15. Suppose 5*i = 187 - n. What are the prime factors of i?
2, 3, 5
What are the prime factors of 176*(-9 + 38/4)?
2, 11
Let u = 865 + -603. What are the prime factors of (-3 + 4)/(1 + u/(-263))?
263
Let s(w) = -w**3 + 5*w**2 - 3*w + 1. Let l be s(4). Suppose -7*h + 6*h = -l. Suppose -3*t = h*t - 32. What are the prime factors of t?
2
Suppose 0 = g + 5*m - 194 - 216, -4*m = 0. What are the prime factors of g?
2, 5, 41
Let q(h) = 11*h - 2. Let z be q(2). Let j = z + -17. Let v = 37 + j. What are the prime factors of v?
2, 5
Suppose 6*f + 646 = 2434. Suppose -5*h + 286 = 2*r, 0 = -0*r + 2*r - h - f. What are the prime factors of r?
2, 37
Suppose 4*m - 2*j - 122 = 0, m - 38 = -0*m - 2*j. Suppose 0 = 4*n - 5*w + m, -5*n - 2*w = 1 + 6. Let d = 7 + n. List the prime factors of d.
2
Let b(i) = 4*i + 17. Let n be b(-8). Let k = n - -29. Suppose -14 = -f + k. What are the prime factors of f?
2, 7
Let y be 51 + 9 + (-8)/(-2). Let f = y - 34. What are the prime factors of f?
2, 3, 5
Let r(q) = q**3 + q**2 - 1. Let u(g) = -g**3 + 8*g**2 + 13*g + 21. Let s(a) = 2*r(a) + u(a). List the prime factors of s(-8).
43
Let h(p) = 28*p - 1. Suppose -l = -2*l + 1. Let y be h(l). Let g = y - 15. List the prime factors of g.
2, 3
Suppose 0 = h - 3*k - 0 - 10, k = 4*h - 62. Suppose 2*o - 1 = -d + h, 5*o = -4*d + 35. List the prime factors of o.
11
Let g(q) = -2*q + 17. Let b be g(7). Suppose -b*d = -11*d + 512. What are the prime factors of d?
2
Let x be (-5 - -2) + (-17 - -9). Let g(w) = 4 + w**2 + 0 + 11*w + 12. List the prime factors of g(x).
2
Suppose -3*o = -32 + 86. Let d = o + 24. List the prime factors of (-2)/6 - (-428)/d.
71
List the prime factors of 3 + 5849 + 42 + -43.
5851
Suppose -2*o = 2*p - 2, -9 = -3*p - 0*p - o. Suppose s - 14 - 15 = -4*q, -p*q + 2*s = -14. Suppose u - q = -2*u. What are the prime factors of u?
2
List the prime factors of (58/(-14) - -5) + (-19548)/(-28).
3, 233
Let f = 7 + 22. Let u = f - 17. Suppose -9*d + 5*d = -u. What are the prime factors of d?
3
Let h = -13 - -18. Let q(t) be the third derivative of t**4/12 + 11*t**3/6 - 26*t**2. What are the prime factors of q(h)?
3, 7
Let y be (-8)/(-6) - (-3)/(-9). What are the prime factors of 9/(27/90*(y - -4))?
2, 3
Suppose 4*m - 3 = -6*z + z, -5 = -4*m - 3*z. Suppose 4*d = -5*j + 413, 5*d + m*j = -0*d + 512. What are the prime factors of d?
2, 3, 17
Let v(l) = 2*l + 5. Let r be v(4). Suppose -m - r = -2*x, -m - m = -2*x + 18. Suppose x*z + 4*d = 268, z - 3*d + 271 = 5*z. List the prime factors of z.
2, 5, 7
Let m = 2 - 2. Suppose -3*t + 96 = -m*t. Suppose a - 1 = 0, 2*h + 3 - t = 3*a. What are the prime factors of h?
2
Let a = -2008 - -4139. What are the prime factors of a?
2131
Let t(l) = -2*l + 7. Suppose -35*v = -39*v - 28. List the prime factors of t(v).
3, 7
Suppose -m + 4*a - 151 = -2*m, -3*m + 460 = 5*a. Let j = m + -121. List the prime factors of j.
2, 17
Let x be (-3 + (-2)/(-4))*-2. Suppose -15 = 2*l - x*l. Suppose -l*r + o = -162, 8 - 167 = -5*r + 2*o. List the prime factors of r.
3, 11
Suppose 44*u - 48*u = -916. What are the prime factors of u?
229
Suppose p - 4 = 9. Let w = p - 0. What are the prime factors of w?
13
Suppose -3*z + 180 = 3*w, 4*w - 6*w + z + 132 = 0. Suppose 38 = j - 28. Suppose 0 = -5*p + j + w. List the prime factors of p.
2, 13
Let k = 115 - 6. Let y be k + 0 + (-9)/3. Let u = -75 + y. List the prime factors of u.
31
Let i(y) = 28*y**2 + 2*y - 5. Let o(d) = -28*d**2 - 2*d + 4. Let l(q) = -5*i(q) - 6*o(q). Let c = -100 - -99. What are the prime factors of l(c)?
3
Let t be -4*((-10)/12 - 6/(-18)). Suppose -7*p + 355 = -t*p. List the prime factors of p.
71
Suppose 134 = -7*z + 1555. List the prime factors of z.
7, 29
Let v be -2 - (1 - 2)*2. Let j = 51 - 45. Suppose v*g = -j*g + 192. What are the prime factors of g?
2
Suppose -3*v = a - 1032, -3*v + 1032 = -4*a + 2*a. What are the prime factors of v?
2, 43
Let j(l) = l**3 + 33*l**2 + 93*l + 64. What are the prime factors of j(-21)?
41, 83
Suppose 182*l - 43965 = 167*l. What are the prime factors of l?
3, 977
Let f(w) = -100*w - 60. What are the prime factors of f(-3)?
2, 3, 5
Let g(y) = -y**2 + 1. Let s be g(-6). Let i be 238/s - (-1)/(-5). Let o(p) = p**3 + 7*p**2 - p - 5. What are the prime factors of o(i)?
2
Let s(a) = 96*a - 138. What are the prime factors of s(8)?
2, 3, 5, 7
Suppose 4*t = 5*t - 819. Suppose -t = -5*v - 4*o, -786 = -4*v + 4*o - 138. List the prime factors of v.
163
Let j(o) = 3*o - 3. Let h be j(2). Suppose 0 = 2*d, 2*u - h*d - 3 = 3*u. Let p(g) = -3*g - 4. What are the prime factors of p(u)?
5
Let t = 193 - 90. What are the prime factors of t?
103
Let l(v) = -3*v**2 - 74*v + 40. List the prime factors of l(-22).
2, 3
Suppose -6*v + 333 = -81. What are the prime factors of v?
3, 23
Suppose 0 = 5*f - 103 + 13. Let p = f - 36. Let i = 30 + p. List the prime factors of i.
2, 3
Le